010
In base 16, what is -1a26e - -c7?
-1a1a7
In base 15, what is 4 + 14606ad1?
14606ad5
In base 3, what is -110122112221111 - 200?
-110122112222011
In base 4, what is 3 - -1002211120322?
1002211120331
In base 3, what is -2 + -21211011021111?
-21211011021120
In base 2, what is -1111010001111101000101 + -11?
-1111010001111101001000
In base 2, what is -1010000100001 - 1001100100110?
-10011101000111
In base 6, what is 523 + 223025?
223552
In base 8, what is -44611613 - -6?
-44611605
In base 14, what is 1 - -24c47?
24c48
In base 10, what is -2131 - -3498?
1367
In base 16, what is 2b060df - 8?
2b060d7
In base 9, what is -1 - -2865105?
2865104
In base 16, what is 1ef0 - -5147?
7037
In base 10, what is -2036 + 1924?
-112
In base 7, what is -116566 + -31621?
-151520
In base 12, what is -51b1b - -6?
-51b15
In base 13, what is -899 + -16c69?
-17835
In base 11, what is -205 + 16422?
16218
In base 10, what is -7499 + 18333?
10834
In base 15, what is 0 + 4dd939?
4dd939
In base 3, what is 11111010202110010 + -11?
11111010202102222
In base 11, what is 21 - -8787a1?
878812
In base 3, what is 2 - 101121112221202221?
-101121112221202212
In base 3, what is 1121211012002212021 + -2?
1121211012002212012
In base 12, what is 4 - 801067?
-801063
In base 16, what is -772 - -84?
-6ee
In base 11, what is 130a - 18879?
-1756a
In base 13, what is 30713 - -126?
30839
In base 7, what is 21 + 41662642?
41662663
In base 5, what is 2243022 - -321041?
3114113
In base 11, what is -1 - 468244?
-468245
In base 3, what is -1020222022122 + 2?
-1020222022120
In base 14, what is 4 - -a3a06b2?
a3a06b6
In base 2, what is 1001101100 - -10100010011000000000?
10100010100001101100
In base 15, what is -2 + a128e03?
a128e01
In base 7, what is 3465226242 - -4?
3465226246
In base 6, what is 5 + -54154221?
-54154212
In base 13, what is -2416 - -3922?
1509
In base 10, what is -236043 - -66?
-235977
In base 15, what is -a329 + -247d?
-c7a7
In base 16, what is -2 - 41cfe65?
-41cfe67
In base 7, what is 4311603 - 1214?
4310356
In base 8, what is 2 + -34055574?
-34055572
In base 7, what is -30330 - -2205?
-25122
In base 15, what is 48 - 641c8?
-64180
In base 2, what is 10011 - 111110011011010011?
-111110011011000000
In base 8, what is -13136261 - 3?
-13136264
In base 2, what is -10010000000011100001110 - -11?
-10010000000011100001011
In base 13, what is -80 + -80236?
-802b6
In base 15, what is -7 - 603b73?
-603b7a
In base 7, what is -12 + 64236140?
64236125
In base 8, what is -165 + -72176?
-72363
In base 14, what is 1a + -75bdd?
-75bc3
In base 13, what is -124198 + -8a?
-124255
In base 8, what is -2 - -207470675?
207470673
In base 4, what is -121320121 - -111133?
-121202322
In base 7, what is -550020 + 121?
-546566
In base 9, what is -25462635 + 5?
-25462630
In base 2, what is 11000110101111110110000 + -10010000?
11000110101111100100000
In base 16, what is 12 + -2064d7?
-2064c5
In base 12, what is 3 - -1a237?
1a23a
In base 2, what is 11 - 1011110100110000010001001110?
-1011110100110000010001001011
In base 16, what is -b3c4e7 + -6?
-b3c4ed
In base 8, what is 5337 - -6160?
13517
In base 14, what is 2ca - -2c06?
30d2
In base 10, what is 252157398 + -5?
252157393
In base 2, what is -110 - -11010100111000101000111?
11010100111000101000001
In base 16, what is -35ad89 - -27?
-35ad62
In base 7, what is -315241 + 1554?
-313354
In base 7, what is -300022122 - -26?
-300022063
In base 11, what is 3191041 + 11?
3191052
In base 16, what is 1 - -76fe0b?
76fe0c
In base 6, what is -120342 + -111430?
-232212
In base 9, what is 4 + -1321617?
-1321613
In base 14, what is 6 - 27a141?
-27a139
In base 16, what is -e + 18f57b?
18f56d
In base 3, what is -10 - 2111221121200222?
-2111221121201002
In base 11, what is -7762 - -4043?
-371a
In base 2, what is -11101100010010111 - 10001101000?
-11101110011111111
In base 8, what is 3 + -246751515?
-246751512
In base 7, what is -21 + 100166443?
100166422
In base 6, what is 450342 - 45030?
401312
In base 11, what is -161 + -3252364?
-3252515
In base 12, what is -17 - 204bb8?
-205013
In base 14, what is -3471b + 64?
-34697
In base 9, what is 1 + -2818755?
-2818754
In base 3, what is -1 - 1010112200201?
-1010112200202
In base 13, what is a28350 - -c?
a2835c
In base 8, what is 0 + -43117471?
-43117471
In base 13, what is -242b9c46 - -5?
-242b9c41
In base 4, what is 1011111330332 + -11?
1011111330321
In base 3, what is -11 - -211102011200011120?
211102011200011102
In base 6, what is -200353 + 302515?
102122
In base 8, what is -1044643542 + -3?
-1044643545
In base 2, what is 1101 + 11010110001111111?
11010110010001100
In base 12, what is 0 - 1080157?
-1080157
In base 16, what is -c1e7fa - 2?
-c1e7fc
In base 7, what is -3605 - -1214312?
1210404
In base 5, what is -2424 + -11114024?
-11122003
In base 3, what is -11 - 12110012102211?
-12110012102222
In base 4, what is -202332 + 1003102?
200110
In base 11, what is 8578 + -a518?
-1a50
In base 13, what is a + 13abb10?
13abb1a
In base 8, what is -6 - 263632?
-263640
In base 8, what is 1671143036 - 2?
1671143034
In base 13, what is -629a3 - -3838?
-5c168
In base 6, what is -3 + -4123254333?
-4123254340
In base 4, what is -2230103113 - -31010?
-2230012103
In base 8, what is 5641 + -15026?
-7165
In base 5, what is -111333 - 1310010?
-1421343
In base 15, what is -1 + -1677792?
-1677793
In base 5, what is -4012231114 - 0?
-4012231114
In base 3, what is 2212212 + -21112221020?
-21110001101
In base 6, what is 253 + -12343401?
-12343104
In base 14, what is 70 + 3d412?
3d482
In base 16, what is 4 + -c4025d9?
-c4025d5
In base 11, what is 738 - 41777?
-4103a
In base 13, what is 71498 + c3c?
72407
In base 10, what is -1216565 - -12?
-1216553
In base 13, what is -11 - -32621c1?
32621b0
In base 2, what is -10000001010011011 + -111110110?
-10000010010010001
In base 16, what is -128 - -16e39?
16d11
In base 6, what is -243240540 - 4?
-243240544
In base 9, what is -222431465 + -2?
-222431467
In base 10, what is 8611 + -4456?
4155
In base 7, what is 55635365 + -4?
55635361
In base 3, what is 11 - -222010220101010202?
222010220101010220
In base 14, what is 30366d0 + -1?
30366cd
In base 4, what is -102 - -12031323122?
12031323020
In base 8, what is 64136113 - -10?
64136123
In base 13, what is 1 - 1629059?
-1629058
In base 14, what is -b8 - -40c81?
40ba7
In base 5, what is -322203123 + 31?
-322203042
In base 8, what is 1165714 + 34?
1165750
In base 11, what is 11 + 21a899?
21a8aa
In base 16, what is 29d + -7f71?
-7cd4
In base 8, what is 27533060 + 20?
27533100
In base 3, what is 20 - -1011011212221202?
1011011212221222
In base 16, what is -18b1c7 + -65?
-18b22c
In base 9, what is -406587 - -12?
-406575
In base 4, what is 32 + 20011000320?
20011001012
In base 12, what is 5 + -8300b04?
-8300abb
In base 8, what is -156272203 - 2?
-156272205
In base 2, what is -11111101011100110110 + 1?
-11111101011100110101
In base 13, what is -154b - -5959?
440b
In base 14, what is 19 - 354d0a?
-354cd1
In base 16, what is 42f697 + -2?
42f695
In base 2, what is 110000110111111001 - 101101000?
110000110010010001
In base 16, what is -34e + -da9?
-10f7
In base 3, what is -2 + 1000210121000000?
1000210120222221
In base 14, what is -423a0d + 24?
-4239c9
In base 14, what is 6b64ca + -1?
6b64c9
In base 2, what is 10000010 + -111001011110000101101000?
-111001011110000011100110
In base 10, what is 15 + -5815915?
-5815900
In base 2, what is -101011000 - 11011111111000100010?
-11011111111101111010
In base 4, what is -320001 + -13320112?
-20300113
In base 15, what is e368 + -b5?
e2a3
In base 4, what is 310020 - 121232132?
-120322112
In base 10, what is -23886 - 68?
-23954
In base 14, what is -3613543 - -1?
-3613542
In base 16, what is -98c + -803b?
-89c7
In base 5, what is -34130 - 31144?
-120324
In base 6, what is 101541335 - 41?
101541254
In base 13, what is -12385aa + -33?
-1238610
In base 15, what is 5 - 45aa10?
-45aa0a
In base 3, what is 20220211 + 122002201?
220000112
In base 10, what is -1229662 + -10?
-1229672
In base 9, what is -1661 + 42166?
40405
In base 12, what is -a723733 + 6?
-a723729
In base 6, what is -2303 - 1251005?
-1253312
In base 7, what is -4045 + 61525?
54450
In base 12, what is 4b6ab2 - a?
4b6aa4
In base 7, what is 211405 + -505?
210600
In base 5, what is -2123043133244 